251 a composite number?
False
Is 313921 a prime number?
True
Is 27067 a composite number?
False
Is 33017 prime?
False
Is 9227 a prime number?
True
Is 378533 composite?
False
Is 1041961 composite?
False
Is 17183 prime?
True
Is 472349 prime?
True
Is 10435 prime?
False
Is 2237 a composite number?
False
Is 3007 prime?
False
Is 4907819 prime?
False
Is 313539 prime?
False
Is 20578 a composite number?
True
Is 104603 a composite number?
True
Is 1193 a prime number?
True
Is 145799 a prime number?
True
Is 24627 composite?
True
Is 14281 prime?
True
Is 3521 composite?
True
Is 147161 composite?
True
Is 16871 a composite number?
False
Is 100622 a composite number?
True
Is 29434 a composite number?
True
Is 331 a composite number?
False
Is 12479 composite?
False
Is 1361 composite?
False
Is 38833 prime?
True
Is 13231 a composite number?
True
Is 26371 prime?
True
Is 37957 prime?
True
Is 431797 composite?
False
Is 175431 prime?
False
Is 6521 prime?
True
Is 11555 composite?
True
Is 3543 a prime number?
False
Is 45361 a composite number?
False
Is 11771 a composite number?
True
Is 19289 a prime number?
True
Is 35161 composite?
True
Is 10357 composite?
False
Is 3019 a prime number?
True
Is 5231 composite?
False
Is 60337 a composite number?
False
Is 152183 prime?
True
Is 49319 prime?
False
Is 17657 composite?
False
Is 31621 a composite number?
True
Is 8501 prime?
True
Is 10969 composite?
True
Is 185519 a prime number?
True
Is 261277 prime?
False
Is 1901 prime?
True
Is 105353 prime?
False
Is 60491 a composite number?
True
Is 8257 prime?
False
Is 19385 prime?
False
Is 257591 prime?
True
Is 3433 a composite number?
False
Is 715019 a prime number?
True
Is 46457 composite?
False
Is 7033 a prime number?
False
Is 382379 prime?
False
Is 31019 prime?
True
Is 22469 a composite number?
False
Is 192119 a prime number?
False
Is 9979 composite?
True
Is 51109 a composite number?
False
Is 1029103 a prime number?
True
Is 210413 a prime number?
False
Is 85009 composite?
False
Is 14191 a composite number?
True
Is 7121 prime?
True
Is 218131 prime?
True
Is 7841 prime?
True
Is 211271 prime?
True
Is 5779 a composite number?
False
Is 16862 a prime number?
False
Is 13829 prime?
True
Is 275069 a composite number?
True
Is 20389 composite?
False
Is 59371 a composite number?
True
Is 51559 prime?
False
Is 31859 a prime number?
True
Is 11657 prime?
True
Is 679721 prime?
False
Is 7115 a composite number?
True
Is 1041949 a composite number?
False
Is 55 prime?
False
Is 2371 a composite number?
False
Is 71471 a prime number?
True
Is 20039 prime?
False
Is 188249 a composite number?
False
Is 7993 a composite number?
False
Is 107021 prime?
True
Is 6547 a prime number?
True
Is 23227 prime?
True
Is 38803 a prime number?
True
Is 6349 prime?
False
Is 4741 prime?
False
Is 77107 prime?
False
Is 13309 composite?
False
Is 624917 a prime number?
True
Is 170423 prime?
False
Is 4953979 prime?
True
Is 601127 a prime number?
True
Is 634511 prime?
True
Is 336727 a prime number?
True
Is 534799 composite?
False
Is 31754 a prime number?
False
Is 140363 a composite number?
False
Is 2148173 prime?
False
Is 10037 composite?
False
Is 3989 a prime number?
True
Is 27021 a composite number?
True
Is 6922879 a prime number?
True
Is 1474519 prime?
True
Is 47303 prime?
True
Is 6803 a composite number?
False
Is 7532999 prime?
True
Is 49429 a composite number?
False
Is 202841 composite?
False
Is 281063 composite?
False
Is 2025281 a composite number?
False
Is 10499 prime?
True
Is 14999 a composite number?
True
Is 342185 composite?
True
Is 17813 a composite number?
True
Is 7561 a prime number?
True
Is 27977 prime?
False
Is 74549 a composite number?
True
Is 32309 a composite number?
False
Is 5045 a prime number?
False
Is 37337 prime?
True
Is 62177 composite?
True
Is 456479 a composite number?
True
Is 848201 prime?
True
Is 89437 composite?
True
Is 12981 composite?
True
Is 152371 composite?
True
Is 272359 a composite number?
False
Is 114965 prime?
False
Is 47431 a prime number?
True
Is 130729 composite?
False
Is 313727 a composite number?
False
Is 22381 prime?
True
Is 101909 a composite number?
True
Is 233477 prime?
True
Is 4327 composite?
False
Is 749 a prime number?
False
Is 283109 composite?
True
Is 198017 prime?
True
Is 16423 prime?
False
Is 1459 prime?
True
Is 4421 a prime number?
True
Is 429943 prime?
True
Is 6179 a composite number?
True
Is 456941 prime?
False
Is 569033 prime?
False
Is 10122143 a prime number?
True
Is 8353 a prime number?
True
Is 301211 a composite number?
False
Is 8795 composite?
True
Is 671017 a composite number?
False
Is 6139 a composite number?
True
Is 1931 composite?
False
Is 21677 composite?
True
Is 753 a prime number?
False
Is 20446 a prime number?
False
Is 9941 composite?
False
Is 2854 a composite number?
True
Is 158461 a composite number?
True
Is 498535 prime?
False
Is 1381 a composite number?
False
Is 119842 composite?
True
Is 15173 a prime number?
True
Is 1672343 a prime number?
False
Is 359063 a prime number?
True
Is 41894 composite?
True
Is 20455 prime?
False
Is 2078 a prime number?
False
Is 193649 composite?
False
Is 66103 a composite number?
False
Is 4237 a composite number?
True
Is 36599 a composite number?
False
Is 608269 composite?
False
Is 127 composite?
False
Is 3137 prime?
True
Is 44489 a prime number?
False
Is 1304035 prime?
False
Is 200437 prime?
True
Is 25561 a prime number?
True
Is 247129 a prime number?
False
Is 4201 a prime number?
True
Is 956317 a prime number?
False
Is 74701 a composite number?
True
Is 267827 prime?
False
Is 14473 a prime number?
False
Is 15991 a composite number?
False
Is 15389 prime?
False
Is 97 prime?
True
Is 79757 prime?
True
Is 2548621 composite?
False
Is 41071 a prime number?
False
Is 10694 a composite number?
True
Is 622203 a composite number?
True
Is 551847 a prime number?
False
Is 153157 prime?
False
Is 108229 a prime number?
False
Is 586541 prime?
True
Is 903871 composite?
False
Is 11957 a composite number?
True
Is 24761 a prime number?
False
Is 60493 prime?
True
Is 440783 a prime number?
False
Is 302945 composite?
True
Is 520287 a prime number?
False
Is 9661 a prime number?
True
Is 995 a composite number?
True
Is 63647 prime?
True
Is 220874 prime?
False
Is 149047 composite?
True
Is 21977 a composite number?
False
Is 31883 prime?
True
Is 935003 a composite number?
False
Is 76333 a prime number?
True
Is 276461 a composite number?
False
Is 1358881 a composite number?
False
Is 223297 prime?
False
Is 238801 a composite number?
False
Is 30377 composite?
True
Is 13555 composite?
True
Is 5911 prime?
False
Is 4409 composite?
False
Is 415291 a prime number?
False
Is 956521 a prime number?
True
Is 13945 a prime number?
False
Is 1237 prime?
True
Is 2035139 prime?
False
Is 112741 composite?
False
Is 122623 a prime number?
False
Is 3418 prime?
False
Is 13223 a composite number?
True
Is 952397 a prime number?
True
Is 422537 composite?
False
Is 5701 prime?
True
Is 3300001 a composite number?
False
Is 903713 composite?
True
Is 37489 a prime number?
True
Is 14903 prime?
False
Is 145 a composite number?
True
Is 46679 a composite number?
False
Is 51929 prime?
True
Is 5458 a composite number?
True
Is 2463 a prime number?
False
Is 3793 composite?
False
Is 56915 a prime number?
False
Is 8633 a composite number?
True
Is 719951 a composite number?
False
Is 16741 a prime number?
True
Is 20743 a prime number?
True
Is 38849 a composite number?
True
Is 70109 prime?
False
Is 8059 composite?
False
Is 27481 a composite number?
False
Is 2927 prime?
True
Is 17291 a prime number?
True
Is 270559 a prime number?
False
Is 778507 a composite number?
False
Is 847477 a prime number?
True
Is 12011 prime?
True
Is 21647 a composite number?
False
Is 21349 prime?
False
Is 48457 a composite number?
True
Is 14977 prime?
False
Is 4019 composite?
False
Is 301009 composite?
True
Is 91027 a prime number?
False
Is 1182703 a prime number?
True
Is 3313 a composite number?
False
Is 10499 composite?
False
Is 139465 composite?
True
Is 111409 a prime number?
True
Is 68421 prime?
False
Is 68677 a prime number?
False
Is 210293 a composite number?
True
Is 12601 composite?
False
Is 366901 prime?
True
Is 98153 composite?
True
Is 10937 a prime number?
True
Is 219265 a prime number?
False
Is 1003 a composite number?
Tr